 divisor of s and 90.
18
Suppose 3 + 7 = 5*h. Suppose -5*l = -4*c + 3 - 2, -l - h*c + 11 = 0. What is the greatest common factor of 24 and l?
3
Let y(c) = 13*c**2 + 2*c. Let o be y(-2). Suppose 4*b = 8, 2*r + 27 - 127 = -2*b. Suppose 2*w = -w + r. Calculate the highest common factor of o and w.
16
Let d = -173 - -263. Let k be (2/6)/(2/d). Suppose -2*y - 162 + 432 = 0. Calculate the greatest common divisor of y and k.
15
Let j(k) = -k**3 + 16*k**2 - 14*k + 9. Let t be j(15). What is the greatest common divisor of t and 264?
24
Suppose -10*l - 8 = -28. Calculate the highest common factor of 32 and l.
2
Suppose -4 = -3*q + 2. Let b(c) = -2*c**2 - 2*c - 3. Let w be b(3). Let n = w - -49. What is the greatest common factor of n and q?
2
Let x(q) = -q**3 - 9*q**2 - 12. Let m be x(-9). Let v = 23 + m. Calculate the greatest common factor of v and 33.
11
Let p(l) = 9*l - 2. Let j be p(2). Suppose 5 = s + 3*n - 4*n, 0 = -s - 2*n - 4. What is the greatest common factor of j and s?
2
Let w(n) = n - 2. Let l be w(5). Let o be (-31 + -2)*(-1)/l. Calculate the greatest common factor of 11 and o.
11
Let p be (-3 - -5) + 8/(-2). Let a = 10 - 13. Let k be (p/a)/(4/54). Calculate the highest common divisor of k and 36.
9
Let b(f) = 2*f**2 + f - 4. Let o be b(0). Let g = o + 18. What is the greatest common factor of 126 and g?
14
Suppose 0 = 2*f + u - 23, -4*f + 22 + 9 = -3*u. Suppose 0 = 4*c - 3*c. Let x = 10 - c. What is the greatest common divisor of x and f?
10
Let c be (1 + 22/(-6))*-3. Let o(l) = -14*l. Let w be o(-4). What is the greatest common factor of w and c?
8
Let b(z) = 6*z**3 - z**2 - 2*z + 2. Let a be (-1 - 0)*-1*2. Let h be b(a). Let p be (0 - -6)*(-21)/(-9). Calculate the highest common factor of h and p.
14
Let o(k) = -k**3 + 14*k**2 - 10*k - 17. Let l be o(13). What is the greatest common factor of l and 22?
22
Suppose 5*m + 4*o = -41 - 5, -2*o = -m - 12. Let j be 124/10 + 4/m. Let b(f) = 61*f**2 - 1. Let t be b(-1). What is the greatest common divisor of j and t?
12
Let j(a) = 2*a**3 + 4*a**2 - 2*a + 1. Let h be j(3). Let f = 84 - 50. Calculate the highest common divisor of f and h.
17
Suppose 2*l - 1 = 3*v + 5, -5*l = -3*v - 24. Calculate the highest common divisor of 15 and l.
3
Suppose 0 = -3*u - 3*b + 9, 0*u = u + 3*b + 1. Calculate the greatest common factor of 5 and u.
5
Let j be ((-5)/3)/((-1)/3). Suppose -5*d = -0*s - j*s - 35, -15 = 5*s. What is the highest common divisor of 4 and d?
4
Suppose 6*u = 4*u + 56. Calculate the highest common divisor of u and 112.
28
Suppose -14 = 2*w - 4*w. What is the highest common divisor of w and 35?
7
Let v = 10 - -23. What is the highest common divisor of 363 and v?
33
Suppose 0 = o + 4*j - 12, 3*o = 6*o - j - 62. Let k(p) = p**3 - p. Let t be k(-2). Let s be 60/8 + (-3)/t. Calculate the highest common factor of s and o.
4
Let c(q) = 5*q**2 - q - 12. Let n be c(6). What is the greatest common factor of 18 and n?
18
Let n be (1*(-9 + 0))/(-1). Calculate the greatest common factor of 45 and n.
9
Suppose -3*j + 5*t = -10, -2*j - 5*t = -3*j - 10. Let w = j + 6. Calculate the greatest common factor of 80 and w.
16
Suppose 3*n - 7*n + 140 = 0. Let v = 53 - n. What is the greatest common divisor of v and 2?
2
Let b be (6/2)/(6/(-356)). Let j be 13/26 + b/(-4). What is the greatest common divisor of j and 15?
15
Let v = 263 - 167. What is the greatest common factor of 64 and v?
32
Suppose 2*x - o - 8 = 0, -o - 3 = -1. Suppose -x*g - 256 = -5*p, 2*p - 7*g - 110 = -2*g. What is the greatest common factor of 20 and p?
10
Let v be 0 - (-6)/(-3) - -2. Suppose v = -x - x - 3*c + 140, 4*x - 284 = -4*c. Let f be (-3)/6 - x/(-2). Calculate the highest common factor of f and 9.
9
Let b(n) = -n**3 + 5*n**2 - 4*n. Let t be b(4). Suppose 0 = -t*x - 4*x + 324. What is the highest common factor of 9 and x?
9
Suppose -7*a = -9*a. Suppose a = y - 6*y + 100. Calculate the highest common divisor of 20 and y.
20
Let o(k) = 16*k**3 + 2*k**2 + 2*k + 1. Let y be o(-1). Let q = y + 22. Calculate the highest common factor of 56 and q.
7
Let u = 43 - 16. Let b = -15 + u. Calculate the greatest common divisor of b and 3.
3
Suppose 2*v = 3*v - 28. Suppose -v = -4*a - 0*a. What is the highest common divisor of 1 and a?
1
Let i(k) = 2*k**2 - 2*k + 3. Let m(q) = -q. Let f be m(-3). Let x be i(f). Calculate the greatest common divisor of x and 165.
15
Let d(k) = k**3 - k**2 - k + 117. Let i be d(0). Suppose 0 = 3*o + x - 34, -71 = -3*o + 3*x - 17. What is the highest common factor of i and o?
13
Let y be ((-154)/(-2))/(3/3). Calculate the greatest common divisor of 11 and y.
11
Let l(f) = 7*f**2 - 4*f + 2. Let j be l(2). Calculate the highest common factor of 66 and j.
22
Suppose -4*v - 61 = 155. Let s be 2/((-58)/v + -1). Calculate the highest common divisor of s and 81.
27
Suppose 5*t + 3*x - 2 = 0, 2*t - 18 = 3*t - 4*x. Let v be (0 - t) + 2 + 6. Calculate the greatest common divisor of 10 and v.
10
Suppose 48 = 4*o - 2*m - 2*m, 26 = 3*o - m. Calculate the greatest common factor of 84 and o.
7
Suppose c - 2 = -0*c. Let r be 6/c - (-4 - -1). What is the highest common factor of 66 and r?
6
Suppose -37 = 3*a + s, -2*a + 2*s - 18 = s. Suppose -f - 10 = 3*w, -3*f + 1 + 25 = -5*w. Let z = f - a. What is the highest common factor of 52 and z?
13
Let y(k) = -k**3 + k**2 - 2*k + 4. Let j be 12/(-8) - (-10)/(-4). Let l be y(j). Calculate the greatest common divisor of l and 23.
23
Let d be (-28)/4*(1 + -5). What is the greatest common factor of d and 112?
28
Suppose -64 = -6*w + 32. What is the highest common divisor of w and 40?
8
Suppose 31 = 3*o + 4. What is the highest common factor of 63 and o?
9
Let c = 45 + -30. Let t = -18 - -7. Let a = t - -17. What is the highest common divisor of a and c?
3
Let f = -201 + 340. Suppose -f - 117 = -2*k. Calculate the greatest common divisor of k and 16.
16
Let w(y) = -y**3 - 6*y**2 - 2*y + 6. Let m = 8 + -14. Let i be w(m). Calculate the greatest common factor of 2 and i.
2
Let i(m) = 29*m**3 + 2*m - 1. Let x be i(1). Calculate the highest common divisor of 12 and x.
6
Let n be (2/2)/(1/5). Suppose -2*i = 3*t - 32, 0 = -n*i + 4*i + 4*t + 16. Calculate the highest common factor of i and 32.
16
Let z be (-1)/6 - 474/(-36). Let q be (z - 3) + 1/1. What is the highest common divisor of 77 and q?
11
Let i be 3/2 + 189/2. Let s be ((-36)/(-10))/((-9)/(-30)). Calculate the greatest common factor of i and s.
12
Let c(p) = -9*p + 15. Let k(t) = 5*t - 8. Let g(r) = -4*c(r) - 7*k(r). Let u be g(8). What is the greatest common divisor of u and 12?
4
Let i = -14 + 35. Calculate the greatest common factor of 7 and i.
7
Suppose -210 = 7*k - 10*k. What is the highest common factor of k and 14?
14
Let a(u) = u**2 - 2*u - 3. Let d be a(5). Suppose 0 = q + q - 6. Suppose 5*r - q*r = 216. What is the highest common divisor of r and d?
12
Suppose 0 = 2*r + 7 + 3, -70 = -5*l - r. Calculate the highest common factor of 75 and l.
15
Let p(w) = 39*w**3 + 2*w**2 - w. Let c be p(1). Suppose 4*s - 80 = -m - m, 3*s + 4*m - 55 = 0. Let v = -11 + s. Calculate the highest common divisor of c and v.
10
Let d(h) = h**2 - 7*h + 2. Let n be d(-6). Let o be 3/(-1) + 5 - 32/(-4). What is the highest common divisor of o and n?
10
Suppose -9*d + 7*d = 70. Let v = -29 - d. What is the greatest common factor of 2 and v?
2
Let i be 54*(-2)/8*-2. What is the highest common divisor of i and 18?
9
Let t be ((4 + -7)*-1)/(3/41). What is the highest common divisor of 164 and t?
41
Let g(f) = -8*f. Suppose 3*w + 10 = w. Let i be g(w). What is the highest common factor of i and 100?
20
Suppose 4*y - 4*t - 80 = 0, -5*t + 2 = 22. What is the highest common divisor of 48 and y?
16
Let o = 474 + -337. Suppose -5*r = -38 - o. Calculate the greatest common divisor of 5 and r.
5
Suppose 5*i + 2*b - 5*b - 324 = 0, -4*b = -5*i + 322. Let g(r) = -r**3 - 17*r**2 + 6. Let q be g(-17). What is the highest common divisor of i and q?
6
Let g be ((-1)/2)/((-3)/180). Let k = -27 + 99. Let r be (k + 1 - 0) + 2. Calculate the greatest common factor of g and r.
15
Let u(z) = z**3 + 6*z**2 + 7*z + 6. Let x be u(-4). What is the greatest common factor of x and 70?
10
Let y(s) = s**2 - 15*s - 10. Let l be y(16). Calculate the greatest common divisor of l and 54.
6
Le